q**3 + q**2 - 2*q + 2. Suppose -4*i = 2 - 6. Let a be m(i). What is the highest common factor of 152 and a?
8
Let u be 5/((-7 + (-67)/(-10))/(-3)). Calculate the greatest common factor of u and 9.
1
Let h(x) = 22*x + 8576. Let y be h(-72). What is the greatest common factor of y and 184?
184
Let d(v) = -7*v**2 + 60*v - 11. Let z be d(8). Let t be (-58 + -5)*((-20)/6 + 1). Calculate the highest common divisor of z and t.
21
Let o = 140 - 14. Let l = o - 30. What is the greatest common divisor of l and 6?
6
Suppose 0 = -18*d + 62*d - 5236. What is the highest common divisor of d and 578?
17
Suppose 320*v + 3*y + 1464 = 324*v, 2*v - 726 = 2*y. Let s = 52 + -37. What is the greatest common divisor of v and s?
15
Let k = 6199 - 6184. What is the greatest common factor of 2895 and k?
15
Suppose 13 = -11*w - 2*w. Let i(j) = -18*j**3 + 3*j + 3. Let y be i(w). What is the highest common divisor of y and 24?
6
Suppose 7*o - 4*o = -2*i + 1040, -2*o - 4*i + 704 = 0. Suppose 0 = -7*u - 92 + o. Calculate the highest common factor of 16 and u.
4
Suppose -6*r + 4*k - 20 = -7*r, -81 = -5*r - k. Let t be ((-268)/16 - -4)*r/(-3). Calculate the highest common divisor of t and 51.
17
Let p = -8973 + 8982. What is the highest common factor of p and 1413?
9
Suppose -g + 7 = -6. Suppose 4*x - 8 = -4*n, 0*n = n + 3*x. Suppose n*k = 4*k - 52. What is the highest common factor of k and g?
13
Suppose -287*a - 799 = -8548. What is the highest common divisor of 17793 and a?
27
Let w be ((-6)/(-28)*-4)/(9 - (-2530)/(-280)). Calculate the highest common divisor of 516 and w.
12
Let n(w) = 12*w - 25. Let d be n(7). Suppose -d = 2*i - 163. Let j(s) = s**2 + 3*s - 2. Let g be j(-7). What is the greatest common factor of i and g?
26
Let m(d) = -1362*d - 10456. Let p be m(-16). Calculate the highest common factor of p and 104.
104
Suppose 95 = -12*q + 791. Let h = 710 + -304. Calculate the highest common factor of q and h.
58
Let b be (-8)/(-6)*((-1491)/(-12) - 2). Suppose -161*x = -b*x + 182. What is the highest common factor of x and 117?
13
Let a be (-327)/(-2) - (3 + -3 - 33/(-22)). Calculate the highest common divisor of a and 810.
162
Let l(k) = -40*k + 211. Let v be l(-6). Suppose -9*z + v = -1421. Calculate the highest common factor of z and 13.
13
Let a be 1/5 + 12/(-480)*-105112. Calculate the highest common factor of 72 and a.
36
Let v be (-3)/(-12) + -7 + (-210)/(-24). Let f = 265 + -131. What is the greatest common divisor of f and v?
2
Let b(h) = 16*h**2 - h + 1. Let o be b(1). Suppose o = r + 3*r. Let q be 7 + ((-42)/18 + 2)*(-6)/(-2). Calculate the highest common factor of q and r.
2
Let g = -45 + 45. Suppose g = -13*h + 18*h + 10. Let f be h/(-3 + 1) + 104. What is the greatest common divisor of f and 15?
15
Suppose 0*t - 2*t + 10*t - 19008 = 0. What is the highest common factor of 66 and t?
66
Let x = -427 - -461. Suppose p = c + 47, 5*p - x*c - 219 = -33*c. What is the highest common factor of p and 688?
43
Suppose 5*g = -4*u + u + 468, 0 = -5*u + 3*g + 780. Suppose 1089 + 586 = 48*t + 1099. Calculate the greatest common divisor of t and u.
12
Suppose -13*s + 61340 = 39408 - 86254. What is the highest common divisor of 114 and s?
114
Let y = -7 + 25. Let w(x) = 2*x**2 + 109*x - 343. Let b be w(-58). What is the greatest common factor of b and y?
9
Suppose 32 = 2*b - 4*x, 7*b = 3*b - 5*x - 1. Suppose 41*w - 74*w - 2610 = -13698. What is the highest common divisor of b and w?
6
Let r(l) = -l**2 - 25*l - 66. Let u be r(-3). Suppose f - 89 - 17 = u. Suppose -6*z = -3*z - 795. Calculate the highest common factor of f and z.
53
Suppose -5*z + 5*u = -195, 0*u = 5*z + 2*u - 160. Let c be (9/(-15))/(16/(-2720) + 0). What is the highest common factor of c and z?
34
Suppose 4*g + g = -10. Let f(x) = -x**2 - 4*x + 11. Let r be f(-6). Let u be r + g + (89 - 21). Calculate the highest common factor of u and 13.
13
Let s(d) = -29*d**2 - 18*d - 199. Let g be s(20). Let r be g/(-49) + (2 - (-30)/(-14)). Calculate the greatest common divisor of r and 32.
8
Let a(n) = -2*n**3 + 127*n**2 - 1223*n + 103. Let j be a(50). What is the highest common divisor of 478 and j?
239
Let t be (27/(-5))/(30 - 27018/900). What is the highest common divisor of t and 162?
54
Suppose 0 = -0*q + 2*q - 28. Let i be (-7 - -4)*(1 - 400/(40/5)). Calculate the highest common factor of q and i.
7
Suppose 2*n - 188 = -l, -2*n + 764 = 56*l - 52*l. Let g be 598/12 + (-160)/l. What is the greatest common factor of 49 and g?
49
Suppose -158*n + 162*n - 12 = 0. Suppose 2*c - 4282 = -n*l, 3*c = -27*l + 25*l + 2853. What is the greatest common factor of l and 84?
84
Let b = -75 + 147. Let q be (2/(-3))/((-142)/1917). What is the greatest common factor of q and b?
9
Let q(w) = -26*w + 2620. Let p be q(98). Calculate the highest common divisor of p and 324.
36
Let r be 1 + -11*1*-22. Suppose 4 = -2*o, o + 6*o - 4 = -2*x. Calculate the highest common factor of x and r.
9
Let b = 83 + -23. Let v(q) = 84*q**2 + 12934*q - 8. Let d be v(-154). What is the highest common factor of d and b?
60
Let f be (-7 - (-4)/1)*26675/(-33). Calculate the highest common factor of f and 776.
97
Let t = -610 - 419. Let p = t - -1535. What is the highest common factor of 46 and p?
46
Let v be (45/(-18))/(3/(-6)). Let x be ((-1)/3)/(5/(-45))*v. What is the highest common factor of x and 120?
15
Let v be (1 - 265/(-15))*9/(-6). Let f(q) = -11*q - 32. Let t be f(v). Calculate the greatest common factor of t and 184.
92
Suppose -51*g - 45*g + 1836 = -78*g. Calculate the highest common divisor of 238 and g.
34
Suppose 4*d + i = 6561, 25 = -3*d - 5*i + 4950. What is the greatest common divisor of 80 and d?
40
Let o be ((-156)/15)/(34/35 - (-5 - -6)). What is the greatest common factor of 224 and o?
28
Suppose 3*p - 189 + 198 = 0. Let v(o) = 24*o**2 + 9*o + 3. Let k be v(p). Let x(c) = 11*c + 2. Let h be x(2). Calculate the greatest common factor of h and k.
24
Let o(r) = r**3 + 8*r**2 - r + 6. Let a be o(-6). Suppose a*v - 30 = 79*v. Let d be (-708)/(-18) + 10/v. What is the greatest common divisor of d and 369?
41
Let t(g) = g - 17. Let b be t(20). Suppose -l = q - b*l - 235, 905 = 4*q - l. What is the highest common divisor of q and 75?
75
Suppose 2*y = 6, 5*k - 227 - 23 = -5*y. Let w(f) = 2*f**3 + 17*f**2 - 31*f + 17. Let h be w(-8). Calculate the greatest common factor of h and k.
47
Suppose -3*n - 93 = -q, 4*q = -3*n + 1 - 94. Let w = n + 51. Let m(p) = -2*p**2 + 42*p + 40. Let l be m(w). What is the highest common divisor of 200 and l?
40
Let y be ((-84)/(-5))/(3/10). Suppose -4*b = 656 - 680. Let u be (-1 + 69/b)*32/8. What is the greatest common factor of u and y?
14
Suppose -3306*n = -3300*n - 11974 + 3010. Calculate the greatest common factor of 4316 and n.
166
Suppose 47*t + 10385 = 32616. What is the greatest common factor of t and 77?
11
Suppose 7*w = -1150 + 1528. Calculate the greatest common factor of w and 3375.
27
Let p = 511 - 447. Suppose 0 = -11*l + 6*l. Suppose 2*f = -4*i + 72, -i = -l*i - 4*f. Calculate the greatest common divisor of i and p.
16
Let o(t) = -t + 13. Let x be o(10). Suppose -7 + 43 = 9*c. Suppose -176 = -c*y + x*y. Calculate the greatest common factor of 16 and y.
16
Let a(x) = 3*x**3 - 8*x + 13. Let z be a(5). What is the greatest common divisor of z and 58?
58
Let m(v) = 2*v**3 + 58*v**2 + 156*v + 4. Let r be m(-26). Let w(z) = 46*z - 12. Let j be w(8). Calculate the greatest common factor of r and j.
4
Let t be -2 - -294*(-6)/(-9). Let w = t + -160. What is the highest common divisor of 238 and w?
34
Let g(c) be the second derivative of 757*c**3/6 - 4*c**2 - 36*c - 1. Let m be g(1). Calculate the greatest common factor of 7 and m.
7
Suppose -11*t = 17*t - 8*t - 49800. What is the greatest common factor of 220 and t?
10
Suppose -2*b - 3*b + 45 = -2*f, 0 = -5*b + 25. Let h = 64 + f. Calculate the highest common divisor of 27 and h.
27
Suppose -2*t = -4*o + 678, 48*o = 52*o + 3*t - 663. What is the highest common divisor of o and 1064?
56
Suppose 59*l - 62*l + 2175 = 0. Let a be 0 - (-2)/(-5) - (-8526)/290. What is the greatest common divisor of l and a?
29
Let c(j) = -j**3 - 3*j**2 + 45*j + 9. Let q be c(-10). Calculate the greatest common factor of 74 and q.
37
Let a = 28780 + -26880. What is the gr